{"id":2,"date":"2024-02-13T07:09:48","date_gmt":"2024-02-13T06:09:48","guid":{"rendered":"http:\/\/jb-lighting.fr\/?page_id=2"},"modified":"2024-02-27T15:01:49","modified_gmt":"2024-02-27T14:01:49","slug":"page-d-exemple","status":"publish","type":"page","link":"https:\/\/jb-lighting.fr\/","title":{"rendered":""},"content":{"rendered":"<style>.kadence-column2_acae5b-25 > .kt-inside-inner-col{display:flex;}.kadence-column2_acae5b-25{max-width:2000px;margin-left:auto;margin-right:auto;}.wp-block-kadence-column.kb-section-dir-horizontal:not(.kb-section-md-dir-vertical)>.kt-inside-inner-col>.kadence-column2_acae5b-25{-webkit-flex:0 1 2000px;flex:0 1 2000px;max-width:unset;margin-left:unset;margin-right:unset;}.kadence-column2_acae5b-25 > .kt-inside-inner-col,.kadence-column2_acae5b-25 > .kt-inside-inner-col:before{border-top-left-radius:0px;border-top-right-radius:0px;border-bottom-right-radius:0px;border-bottom-left-radius:0px;}.kadence-column2_acae5b-25 > .kt-inside-inner-col{column-gap:var(--global-kb-gap-sm, 1rem);}.kadence-column2_acae5b-25 > .kt-inside-inner-col{flex-direction:column;align-items:stretch;}.kadence-column2_acae5b-25 > .kt-inside-inner-col > .kb-image-is-ratio-size{align-self:stretch;}.kadence-column2_acae5b-25 > .kt-inside-inner-col > .wp-block-kadence-advancedgallery{align-self:stretch;}.kadence-column2_acae5b-25 > .kt-inside-inner-col > .aligncenter{width:100%;}.kadence-column2_acae5b-25 > .kt-inside-inner-col:before{opacity:0.3;}.kadence-column2_acae5b-25{position:relative;}@media all and (min-width: 1025px){.wp-block-kadence-column.kb-section-dir-horizontal>.kt-inside-inner-col>.kadence-column2_acae5b-25{-webkit-flex:0 1 2000px;flex:0 1 2000px;max-width:unset;margin-left:unset;margin-right:unset;}}@media all and (max-width: 1024px){.kadence-column2_acae5b-25 > .kt-inside-inner-col{flex-direction:column;justify-content:center;align-items:stretch;}}@media all and (max-width: 767px){.wp-block-kadence-column.kb-section-sm-dir-vertical:not(.kb-section-sm-dir-horizontal):not(.kb-section-sm-dir-specificity)>.kt-inside-inner-col>.kadence-column2_acae5b-25{max-width:2000px;-webkit-flex:1;flex:1;margin-left:auto;margin-right:auto;}.kadence-column2_acae5b-25 > .kt-inside-inner-col{flex-direction:column;justify-content:center;align-items:stretch;}}<\/style>\n<div class=\"wp-block-kadence-column kadence-column2_acae5b-25\"><div class=\"kt-inside-inner-col\">\n<div class=\"wp-block-media-text has-media-on-the-right is-stacked-on-mobile\"><div class=\"wp-block-media-text__content\">\n<h1 class=\"wp-block-heading\">Des produits de qualit\u00e9 \u00abMade in Germany\u00bb<\/h1>\n\n\n\n<p>Contrairement \u00e0 de nombreuses autres entreprises, nous avons largement int\u00e9gr\u00e9 les diff\u00e9rentes \u00e9tapes de fabrication dans notre processus de production.&nbsp;JB-Lighting est le seul fabricant en Allemagne qui d\u00e9veloppe de mani\u00e8re ind\u00e9pendante&nbsp;des robotis\u00e9s dot\u00e9s de la technologie LED \u00e0 usage professionnel &#8211; sur une surface de production d&#8217;environ 2 500 m.&nbsp;<\/p>\n\n\n\n<p>Nous effectuons non seulement l&#8217;assemblage final sur place, mais \u00e9galement toutes les \u00e9tapes de fabrication pertinentes &#8211; du d\u00e9veloppement \u00e0 la construction du prototypage en passant par la production m\u00e9canique en s\u00e9rie et le traitement des composants \u00e9lectroniques.<\/p>\n<\/div><figure class=\"wp-block-media-text__media\"><img loading=\"lazy\" decoding=\"async\" width=\"1024\" height=\"500\" src=\"https:\/\/jb-lighting.fr\/wp-content\/uploads\/2024\/02\/Nachhaltigkeit_Start_Slider-1024x500.jpg\" alt=\"\" class=\"wp-image-16 size-full\" srcset=\"https:\/\/jb-lighting.fr\/wp-content\/uploads\/2024\/02\/Nachhaltigkeit_Start_Slider-1024x500.jpg 1024w, https:\/\/jb-lighting.fr\/wp-content\/uploads\/2024\/02\/Nachhaltigkeit_Start_Slider-300x146.jpg 300w, https:\/\/jb-lighting.fr\/wp-content\/uploads\/2024\/02\/Nachhaltigkeit_Start_Slider-768x375.jpg 768w, https:\/\/jb-lighting.fr\/wp-content\/uploads\/2024\/02\/Nachhaltigkeit_Start_Slider-1536x750.jpg 1536w, https:\/\/jb-lighting.fr\/wp-content\/uploads\/2024\/02\/Nachhaltigkeit_Start_Slider-2048x1000.jpg 2048w\" sizes=\"(max-width: 1024px) 100vw, 1024px\" \/><\/figure><\/div>\n\n\n<style>.kb-image2_682013-c5 .kb-image-has-overlay:after{opacity:0.3;}<\/style>\n<figure class=\"wp-block-kadence-image kb-image2_682013-c5 size-vantage-thumbnail-no-sidebar\"><img loading=\"lazy\" decoding=\"async\" width=\"1080\" height=\"380\" src=\"https:\/\/jb-lighting.fr\/wp-content\/uploads\/2024\/02\/Star_Ensemble_2022_Beam_nach_Innen_bunt-1080x380.jpg\" alt=\"\" class=\"kb-img wp-image-47\"\/><\/figure>\n\n\n\n<div class=\"wp-block-columns is-layout-flex wp-container-core-columns-is-layout-3 wp-block-columns-is-layout-flex\">\n<div class=\"wp-block-column is-layout-flow wp-block-column-is-layout-flow\" style=\"flex-basis:100%\"><style>.kadence-column2_4553b2-fc > .kt-inside-inner-col,.kadence-column2_4553b2-fc > .kt-inside-inner-col:before{border-top-left-radius:0px;border-top-right-radius:0px;border-bottom-right-radius:0px;border-bottom-left-radius:0px;}.kadence-column2_4553b2-fc > .kt-inside-inner-col{column-gap:var(--global-kb-gap-sm, 1rem);}.kadence-column2_4553b2-fc > .kt-inside-inner-col{flex-direction:column;}.kadence-column2_4553b2-fc > .kt-inside-inner-col > .aligncenter{width:100%;}.kadence-column2_4553b2-fc > .kt-inside-inner-col:before{opacity:0.3;}.kadence-column2_4553b2-fc{position:relative;}@media all and (max-width: 1024px){.kadence-column2_4553b2-fc > .kt-inside-inner-col{flex-direction:column;justify-content:center;}}@media all and (max-width: 767px){.kadence-column2_4553b2-fc > .kt-inside-inner-col{flex-direction:column;justify-content:center;}}<\/style>\n<div class=\"wp-block-kadence-column kadence-column2_4553b2-fc\"><div class=\"kt-inside-inner-col\">\n<div class=\"wp-block-media-text has-media-on-the-right is-stacked-on-mobile\" style=\"grid-template-columns:auto 32%\"><div class=\"wp-block-media-text__content\">\n<h1 class=\"wp-block-heading\">Performances des profiles par JB Lighting<\/h1>\n\n\n\n<p>Nos lyres de classe Profile sont des professionnels de la sc\u00e8ne extr\u00eamement brillants et extr\u00eamement talentueux, \u00e0 l&#8217;aise sur toutes les sc\u00e8nes et dont les performances lumineuses ne connaissent aucune limite gr\u00e2ce au module d&#8217;obturation et \u00e0 l&#8217;\u00e9quipement d&#8217;effets complet.<br><br><\/p>\n\n\n\n<figure class=\"wp-block-image size-full\"><img loading=\"lazy\" decoding=\"async\" width=\"476\" height=\"97\" src=\"https:\/\/jb-lighting.fr\/wp-content\/uploads\/2024\/02\/image.png\" alt=\"\" class=\"wp-image-104\" srcset=\"https:\/\/jb-lighting.fr\/wp-content\/uploads\/2024\/02\/image.png 476w, https:\/\/jb-lighting.fr\/wp-content\/uploads\/2024\/02\/image-300x61.png 300w\" sizes=\"(max-width: 476px) 100vw, 476px\" \/><\/figure>\n\n\n\n<h3 class=\"wp-block-heading\">Impressionnant \u00e0 tous points de vue<\/h3>\n\n\n\n<p>Le M18 est un projecteur haut de gamme dot\u00e9 d&#8217;une LED multispectrale de 1 200 W pour des applications couleur particuli\u00e8rement intenses dans les domaines du th\u00e9\u00e2tre, de l&#8217;op\u00e9ra, de la fiction, de la t\u00e9l\u00e9vision et des salons.&nbsp;Gr\u00e2ce \u00e0 l&#8217;\u00e9norme luminosit\u00e9,&nbsp;par ex.&nbsp;B.&nbsp;25 000 lm de puissance \u00e0 5 600 K, il assure des projections de lumi\u00e8re d&#8217;une luminosit\u00e9 \u00e0 couper le souffle, m\u00eame \u00e0 de plus grandes distances.<\/p>\n\n\n\n<p>L&#8217;\u00e9quipement du M18 est \u00e9galement impressionnant, car il ne manque de rien : dont 14 gobos de projection, une roue d&#8217;animation \u00e0 part enti\u00e8re, 2 prismes, 2 filtres Frost et un module obturateur orientable \u00e0 130\u00b0.<\/p>\n<\/div><figure class=\"wp-block-media-text__media\"><a href=\"https:\/\/expelec.eu\/fr\/robotises-profile\/3689-m18-profile.html\"><img loading=\"lazy\" decoding=\"async\" width=\"362\" height=\"624\" src=\"https:\/\/jb-lighting.fr\/wp-content\/uploads\/2024\/02\/Capture-decran-2024-02-22-215822.png\" alt=\"\" class=\"wp-image-52 size-full\" srcset=\"https:\/\/jb-lighting.fr\/wp-content\/uploads\/2024\/02\/Capture-decran-2024-02-22-215822.png 362w, https:\/\/jb-lighting.fr\/wp-content\/uploads\/2024\/02\/Capture-decran-2024-02-22-215822-174x300.png 174w\" sizes=\"(max-width: 362px) 100vw, 362px\" \/><\/a><\/figure><\/div>\n\n\n<style>.wp-block-kadence-advancedgallery .kb-gallery-type-masonry.kb-gallery-id-2_d23c24-54{margin:-7px;}.kb-gallery-type-masonry.kb-gallery-id-2_d23c24-54 .kadence-blocks-gallery-item{padding:7px;}.kb-gallery-id-2_d23c24-54 .kadence-blocks-gallery-item .kb-gal-image-radius, .kb-gallery-id-2_d23c24-54 .kb-slide-item .kb-gal-image-radius img{border-radius:0px 0px 0px 0px;;}.wp-block-kadence-advancedgallery.kb-gallery-wrap-id-2_d23c24-54{overflow:visible;}.kb-gallery-id-2_d23c24-54 .kadence-blocks-gallery-item .kb-gal-image-radius, .kb-gallery-id-2_d23c24-54 .kadence-blocks-gallery-thumb-item .kb-gal-image-radius{box-shadow:4px 2px 14px 0px rgba(0, 0, 0, 0.2);}.kb-gallery-id-2_d23c24-54 .kadence-blocks-gallery-item:hover .kb-gal-image-radius, .kb-gallery-id-2_d23c24-54 .kadence-blocks-gallery-thumb-item:hover .kb-gal-image-radius{box-shadow:4px 2px 14px 0px rgba(0, 0, 0, 0.2);}<\/style><div class=\"kb-gallery-wrap-id-2_d23c24-54 alignnone wp-block-kadence-advancedgallery\"><ul class=\"kb-gallery-ul kb-gallery-non-static kb-gallery-type-masonry kb-masonry-init kb-gallery-id-2_d23c24-54 kb-gallery-caption-style-bottom-hover kb-gallery-filter-none\" data-image-filter=\"none\" data-item-selector=\".kadence-blocks-gallery-item\" data-lightbox-caption=\"true\" data-columns-xxl=\"3\" data-columns-xl=\"3\" data-columns-md=\"3\" data-columns-sm=\"2\" data-columns-xs=\"1\" data-columns-ss=\"1\"><li class=\"kadence-blocks-gallery-item\"><div class=\"kadence-blocks-gallery-item-inner\"><figure class=\"kb-gallery-figure kb-gallery-item-has-link kadence-blocks-gallery-item-hide-caption\" \"><a href=\"https:\/\/expelec.eu\/fr\/robotises-profile\/3690-p18-mkii-profile-hp.html\" class=\"kb-gallery-item-link\" target=\"_blank\" rel=\"noopener noreferrer\"><div class=\"kb-gal-image-radius\" style=\"max-width:352px;\"><div class=\"kb-gallery-image-contain kadence-blocks-gallery-intrinsic\" style=\"padding-bottom:178%;\"><img loading=\"lazy\" decoding=\"async\" src=\"https:\/\/jb-lighting.fr\/wp-content\/uploads\/2024\/02\/Capture-decran-2024-02-22-215836.png\" width=\"352\" height=\"628\" alt=\"\" data-full-image=\"https:\/\/jb-lighting.fr\/wp-content\/uploads\/2024\/02\/Capture-decran-2024-02-22-215836.png\" data-light-image=\"https:\/\/jb-lighting.fr\/wp-content\/uploads\/2024\/02\/Capture-decran-2024-02-22-215836.png\" data-id=\"53\" class=\"wp-image-53\" srcset=\"https:\/\/jb-lighting.fr\/wp-content\/uploads\/2024\/02\/Capture-decran-2024-02-22-215836.png 352w, https:\/\/jb-lighting.fr\/wp-content\/uploads\/2024\/02\/Capture-decran-2024-02-22-215836-168x300.png 168w\" sizes=\"(max-width: 352px) 100vw, 352px\" \/><\/div><\/div><\/a><\/figure><\/div><\/li><li class=\"kadence-blocks-gallery-item\"><div class=\"kadence-blocks-gallery-item-inner\"><figure class=\"kb-gallery-figure kb-gallery-item-has-link kadence-blocks-gallery-item-hide-caption\" \"><a href=\"https:\/\/expelec.eu\/fr\/robotises-profile\/3693-p12-profile-hp.html\" class=\"kb-gallery-item-link\" target=\"_blank\" rel=\"noopener noreferrer\"><div class=\"kb-gal-image-radius\" style=\"max-width:353px;\"><div class=\"kb-gallery-image-contain kadence-blocks-gallery-intrinsic\" style=\"padding-bottom:178%;\"><img loading=\"lazy\" decoding=\"async\" src=\"https:\/\/jb-lighting.fr\/wp-content\/uploads\/2024\/02\/Capture-decran-2024-02-22-215848.png\" width=\"353\" height=\"629\" alt=\"\" data-full-image=\"https:\/\/jb-lighting.fr\/wp-content\/uploads\/2024\/02\/Capture-decran-2024-02-22-215848.png\" data-light-image=\"https:\/\/jb-lighting.fr\/wp-content\/uploads\/2024\/02\/Capture-decran-2024-02-22-215848.png\" data-id=\"54\" class=\"wp-image-54\" srcset=\"https:\/\/jb-lighting.fr\/wp-content\/uploads\/2024\/02\/Capture-decran-2024-02-22-215848.png 353w, https:\/\/jb-lighting.fr\/wp-content\/uploads\/2024\/02\/Capture-decran-2024-02-22-215848-168x300.png 168w\" sizes=\"(max-width: 353px) 100vw, 353px\" \/><\/div><\/div><\/a><\/figure><\/div><\/li><li class=\"kadence-blocks-gallery-item\"><div class=\"kadence-blocks-gallery-item-inner\"><figure class=\"kb-gallery-figure kb-gallery-item-has-link kadence-blocks-gallery-item-hide-caption\" \"><a href=\"https:\/\/expelec.eu\/fr\/robotises-profile\/3696-p10-profile-hp.html\" class=\"kb-gallery-item-link\" target=\"_blank\" rel=\"noopener noreferrer\"><div class=\"kb-gal-image-radius\" style=\"max-width:354px;\"><div class=\"kb-gallery-image-contain kadence-blocks-gallery-intrinsic\" style=\"padding-bottom:175%;\"><img loading=\"lazy\" decoding=\"async\" src=\"https:\/\/jb-lighting.fr\/wp-content\/uploads\/2024\/02\/Capture-decran-2024-02-22-215903.png\" width=\"354\" height=\"623\" alt=\"\" data-full-image=\"https:\/\/jb-lighting.fr\/wp-content\/uploads\/2024\/02\/Capture-decran-2024-02-22-215903.png\" data-light-image=\"https:\/\/jb-lighting.fr\/wp-content\/uploads\/2024\/02\/Capture-decran-2024-02-22-215903.png\" data-id=\"55\" class=\"wp-image-55\" srcset=\"https:\/\/jb-lighting.fr\/wp-content\/uploads\/2024\/02\/Capture-decran-2024-02-22-215903.png 354w, https:\/\/jb-lighting.fr\/wp-content\/uploads\/2024\/02\/Capture-decran-2024-02-22-215903-170x300.png 170w\" sizes=\"(max-width: 354px) 100vw, 354px\" \/><\/div><\/div><\/a><\/figure><\/div><\/li><\/ul><\/div>\n\n<style>.kb-image2_0c79d2-41 .kb-image-has-overlay:after{opacity:0.3;}<\/style>\n<figure class=\"wp-block-kadence-image kb-image2_0c79d2-41 size-vantage-thumbnail-no-sidebar\"><img loading=\"lazy\" decoding=\"async\" width=\"1080\" height=\"380\" src=\"https:\/\/jb-lighting.fr\/wp-content\/uploads\/2024\/02\/Capture-decran-2024-02-22-215615-1080x380.png\" alt=\"\" class=\"kb-img wp-image-48\"\/><\/figure>\n\n\n\n<div class=\"wp-block-columns is-layout-flex wp-container-core-columns-is-layout-2 wp-block-columns-is-layout-flex\">\n<div class=\"wp-block-column is-layout-flow wp-block-column-is-layout-flow\" style=\"flex-basis:100%\">\n<h1 class=\"wp-block-heading\">Les projecteurs Spots JB<\/h1>\n\n\n\n<p>Avec les projecteurs de JB-Lighting, chaque production d&#8217;\u00e9clairage devient un feu d&#8217;artifice &#8211; avec des couleurs et des d\u00e9grad\u00e9s, des motifs et des projections incroyablement brillants &#8211; et bien s\u00fbr, nos&nbsp;<a href=\"javascript:gehezu('SortimentProfile')\">spots<\/a>&nbsp;ainsi que les&nbsp;lentilles <a href=\"javascript:gehezu('SortimentFresnelWasher')\">Fresnel<\/a>&nbsp;et les pixels.<\/p>\n\n\n\n<figure class=\"wp-block-gallery has-nested-images columns-3 is-cropped wp-block-gallery-1 is-layout-flex wp-block-gallery-is-layout-flex\">\n<figure class=\"wp-block-image size-full\"><a href=\"https:\/\/expelec.eu\/fr\/258-robotises-spot-beam\" target=\"_blank\" rel=\"noreferrer noopener\"><img loading=\"lazy\" decoding=\"async\" width=\"1132\" height=\"575\" src=\"https:\/\/jb-lighting.fr\/wp-content\/uploads\/2024\/02\/Capture-decran-2024-02-22-232828.png\" alt=\"\" class=\"wp-image-120\" srcset=\"https:\/\/jb-lighting.fr\/wp-content\/uploads\/2024\/02\/Capture-decran-2024-02-22-232828.png 1132w, https:\/\/jb-lighting.fr\/wp-content\/uploads\/2024\/02\/Capture-decran-2024-02-22-232828-300x152.png 300w, https:\/\/jb-lighting.fr\/wp-content\/uploads\/2024\/02\/Capture-decran-2024-02-22-232828-1024x520.png 1024w, https:\/\/jb-lighting.fr\/wp-content\/uploads\/2024\/02\/Capture-decran-2024-02-22-232828-768x390.png 768w\" sizes=\"(max-width: 1132px) 100vw, 1132px\" \/><\/a><\/figure>\n<\/figure>\n\n\n\n<div style=\"height:30px\" aria-hidden=\"true\" class=\"wp-block-spacer\"><\/div>\n\n\n<style>.kb-image2_bdce78-7e .kb-image-has-overlay:after{opacity:0.3;}<\/style>\n<figure class=\"wp-block-kadence-image kb-image2_bdce78-7e size-vantage-thumbnail-no-sidebar\"><img loading=\"lazy\" decoding=\"async\" width=\"1080\" height=\"380\" src=\"https:\/\/jb-lighting.fr\/wp-content\/uploads\/2024\/02\/Capture-decran-2024-02-22-215653-1080x380.png\" alt=\"\" class=\"kb-img wp-image-49\"\/><\/figure>\n\n\n\n<div class=\"wp-block-columns is-layout-flex wp-container-core-columns-is-layout-1 wp-block-columns-is-layout-flex\">\n<div class=\"wp-block-column is-layout-flow wp-block-column-is-layout-flow\" style=\"flex-basis:100%\"><style>.kb-image2_72dbc3-fb .kb-image-has-overlay:after{opacity:0.3;}<\/style>\n<figure class=\"wp-block-kadence-image kb-image2_72dbc3-fb size-large\"><a href=\"https:\/\/expelec.eu\/fr\/259-robotises-wash\" class=\"kb-advanced-image-link\" target=\"_blank\" rel=\"noopener noreferrer\"><img loading=\"lazy\" decoding=\"async\" width=\"1024\" height=\"511\" src=\"https:\/\/jb-lighting.fr\/wp-content\/uploads\/2024\/02\/Capture-decran-2024-02-22-232652-1024x511.png\" alt=\"\" class=\"kb-img wp-image-119\" srcset=\"https:\/\/jb-lighting.fr\/wp-content\/uploads\/2024\/02\/Capture-decran-2024-02-22-232652-1024x511.png 1024w, https:\/\/jb-lighting.fr\/wp-content\/uploads\/2024\/02\/Capture-decran-2024-02-22-232652-300x150.png 300w, https:\/\/jb-lighting.fr\/wp-content\/uploads\/2024\/02\/Capture-decran-2024-02-22-232652-768x383.png 768w, https:\/\/jb-lighting.fr\/wp-content\/uploads\/2024\/02\/Capture-decran-2024-02-22-232652-960x480.png 960w, https:\/\/jb-lighting.fr\/wp-content\/uploads\/2024\/02\/Capture-decran-2024-02-22-232652.png 1134w\" sizes=\"(max-width: 1024px) 100vw, 1024px\" \/><\/a><\/figure>\n\n\n\n<div style=\"height:30px\" aria-hidden=\"true\" class=\"wp-block-spacer\"><\/div>\n<\/div>\n<\/div>\n\n\n<style>.kb-image2_871145-c0 .kb-image-has-overlay:after{opacity:0.3;}<\/style>\n<figure class=\"wp-block-kadence-image kb-image2_871145-c0 size-large\"><img loading=\"lazy\" decoding=\"async\" width=\"1024\" height=\"256\" src=\"https:\/\/jb-lighting.fr\/wp-content\/uploads\/2024\/02\/Capture-decran-2024-02-22-215705-1024x256.png\" alt=\"\" class=\"kb-img wp-image-51\" srcset=\"https:\/\/jb-lighting.fr\/wp-content\/uploads\/2024\/02\/Capture-decran-2024-02-22-215705-1024x256.png 1024w, https:\/\/jb-lighting.fr\/wp-content\/uploads\/2024\/02\/Capture-decran-2024-02-22-215705-300x75.png 300w, https:\/\/jb-lighting.fr\/wp-content\/uploads\/2024\/02\/Capture-decran-2024-02-22-215705-768x192.png 768w, https:\/\/jb-lighting.fr\/wp-content\/uploads\/2024\/02\/Capture-decran-2024-02-22-215705-1536x384.png 1536w, https:\/\/jb-lighting.fr\/wp-content\/uploads\/2024\/02\/Capture-decran-2024-02-22-215705.png 1889w\" sizes=\"(max-width: 1024px) 100vw, 1024px\" \/><\/figure>\n<\/div>\n<\/div>\n<\/div><\/div>\n<\/div>\n<\/div>\n\n\n<style>.kb-image2_ad3410-e7 .kb-image-has-overlay:after{opacity:0.3;}<\/style>\n<figure class=\"wp-block-kadence-image kb-image2_ad3410-e7 size-large\"><a href=\"https:\/\/expelec.eu\/fr\/260-robotises-wash-pixel\" class=\"kb-advanced-image-link\" target=\"_blank\" rel=\"noopener noreferrer\"><img loading=\"lazy\" decoding=\"async\" width=\"1024\" height=\"469\" src=\"https:\/\/jb-lighting.fr\/wp-content\/uploads\/2024\/02\/Capture-decran-2024-02-22-232455-1024x469.png\" alt=\"\" class=\"kb-img wp-image-115\" srcset=\"https:\/\/jb-lighting.fr\/wp-content\/uploads\/2024\/02\/Capture-decran-2024-02-22-232455-1024x469.png 1024w, https:\/\/jb-lighting.fr\/wp-content\/uploads\/2024\/02\/Capture-decran-2024-02-22-232455-300x137.png 300w, https:\/\/jb-lighting.fr\/wp-content\/uploads\/2024\/02\/Capture-decran-2024-02-22-232455-768x352.png 768w, https:\/\/jb-lighting.fr\/wp-content\/uploads\/2024\/02\/Capture-decran-2024-02-22-232455.png 1133w\" sizes=\"(max-width: 1024px) 100vw, 1024px\" \/><\/a><\/figure>\n<\/div><\/div>\n","protected":false},"excerpt":{"rendered":"<p>Des produits de qualit\u00e9 \u00abMade in Germany\u00bb Contrairement \u00e0 de nombreuses autres entreprises, nous avons largement int\u00e9gr\u00e9 les diff\u00e9rentes \u00e9tapes de fabrication dans notre processus de production.&nbsp;JB-Lighting est le seul fabricant en Allemagne qui d\u00e9veloppe de mani\u00e8re ind\u00e9pendante&nbsp;des robotis\u00e9s dot\u00e9s de la technologie LED \u00e0 usage professionnel &#8211; sur une surface de production d&#8217;environ 2 [&hellip;]<\/p>\n","protected":false},"author":1,"featured_media":47,"parent":0,"menu_order":0,"comment_status":"closed","ping_status":"open","template":"templates\/template-full.php","meta":{"_monsterinsights_skip_tracking":false,"_monsterinsights_sitenote_active":false,"_monsterinsights_sitenote_note":"","_monsterinsights_sitenote_category":0,"footnotes":""},"aioseo_notices":[],"_links":{"self":[{"href":"https:\/\/jb-lighting.fr\/index.php\/wp-json\/wp\/v2\/pages\/2"}],"collection":[{"href":"https:\/\/jb-lighting.fr\/index.php\/wp-json\/wp\/v2\/pages"}],"about":[{"href":"https:\/\/jb-lighting.fr\/index.php\/wp-json\/wp\/v2\/types\/page"}],"author":[{"embeddable":true,"href":"https:\/\/jb-lighting.fr\/index.php\/wp-json\/wp\/v2\/users\/1"}],"replies":[{"embeddable":true,"href":"https:\/\/jb-lighting.fr\/index.php\/wp-json\/wp\/v2\/comments?post=2"}],"version-history":[{"count":29,"href":"https:\/\/jb-lighting.fr\/index.php\/wp-json\/wp\/v2\/pages\/2\/revisions"}],"predecessor-version":[{"id":144,"href":"https:\/\/jb-lighting.fr\/index.php\/wp-json\/wp\/v2\/pages\/2\/revisions\/144"}],"wp:featuredmedia":[{"embeddable":true,"href":"https:\/\/jb-lighting.fr\/index.php\/wp-json\/wp\/v2\/media\/47"}],"wp:attachment":[{"href":"https:\/\/jb-lighting.fr\/index.php\/wp-json\/wp\/v2\/media?parent=2"}],"curies":[{"name":"wp","href":"https:\/\/api.w.org\/{rel}","templated":true}]}}